{"id":3,"date":"2023-01-18T11:56:25","date_gmt":"2023-01-18T11:56:25","guid":{"rendered":"http:\/\/artesaniasgoya.com\/?page_id=3"},"modified":"2023-02-13T10:45:15","modified_gmt":"2023-02-13T10:45:15","slug":"politica-privacidad","status":"publish","type":"page","link":"https:\/\/artesaniasgoya.com\/?page_id=3","title":{"rendered":"Pol\u00edtica de privacidad"},"content":{"rendered":"\t\t<div data-elementor-type=\"wp-page\" data-elementor-id=\"3\" class=\"elementor elementor-3\">\n\t\t\t\t\t\t\t\t\t<section class=\"elementor-section elementor-top-section elementor-element elementor-element-7c50c6ab elementor-section-boxed elementor-section-height-default elementor-section-height-default\" data-id=\"7c50c6ab\" data-element_type=\"section\">\n\t\t\t\t\t\t<div class=\"elementor-container elementor-column-gap-default\">\n\t\t\t\t\t<div class=\"elementor-column elementor-col-100 elementor-top-column elementor-element elementor-element-c772314\" data-id=\"c772314\" data-element_type=\"column\">\n\t\t\t<div class=\"elementor-widget-wrap elementor-element-populated\">\n\t\t\t\t\t\t\t\t<div class=\"elementor-element elementor-element-cdcc39b elementor-widget elementor-widget-shortcode\" data-id=\"cdcc39b\" data-element_type=\"widget\" data-widget_type=\"shortcode.default\">\n\t\t\t\t<div class=\"elementor-widget-container\">\n\t\t\t\t\t<div class=\"elementor-shortcode\"><h1>INFORMACI\u00d3N ADICIONAL SOBRE NUESTRA POL\u00cdTICA DE PROTECCI\u00d3N DE DATOS<\/h1>\r\nCuestiones comunes para todas las actividades de tratamiento:\r\n\r\n<strong>\u00bfQui\u00e9n se responsabiliza del tratamiento de tus datos?<\/strong>\r\n\r\nResponsable de los datos:\u00a0<strong>ARTESAN\u00cdAS GOYA S.L.<\/strong>\r\n\r\nN\u00famero de documento\u00a0<strong>B18327270<\/strong>\r\n\r\nDirecci\u00f3n fiscal\u00a0<strong>CAMINO REAL DE LOS NEVEROS 13, 18198 HUETOR VEGA, GRANADA.<\/strong>\r\n\r\nTel\u00e9fono\u00a0<strong>+34 958 501 448<\/strong>\r\n\r\nCorreo electr\u00f3nico\u00a0<strong>info@artesaniasgoya.com<\/strong>\r\n<h2>\u00bfCu\u00e1les son tus derechos cuando nos facilitas tus datos?<\/h2>\r\nCualquier persona tiene derecho a obtener confirmaci\u00f3n sobre si estamos tratando datos personales que les conciernen o no. En este sentido, tienes derecho a solicitar:\r\n\r\n<strong>Acceso:<\/strong>\u00a0La persona que nos facilita sus datos tendr\u00e1 derecho a obtener del responsable del tratamiento confirmaci\u00f3n de si se est\u00e1n tratando o no los datos que le concierne, as\u00ed como informaci\u00f3n detallada acerca de determinados aspectos del tratamiento que se est\u00e9 llevando a cabo.\r\n\r\n<strong>\u00a0Rectificaci\u00f3n:<\/strong>\u00a0La persona que nos facilita sus datos tendr\u00e1 derecho a obtener la rectificaci\u00f3n de los datos personales inexactos que le conciernen o a que se completen aquellos que fueran incompletos.\r\n\r\n<strong>Supresi\u00f3n:<\/strong>\u00a0La persona que nos facilita sus datos tendr\u00e1 derecho a solicitar la supresi\u00f3n de sus datos personales; en todo caso la supresi\u00f3n estar\u00e1 sujeta a los l\u00edmites establecidos en la norma reguladora.\r\n\r\n<strong>Limitaci\u00f3n de su tratamiento:<\/strong>\u00a0La persona que nos facilita sus datos tendr\u00e1 derecho a solicitar la limitaci\u00f3n del tratamiento de sus datos de car\u00e1cter personal.\r\n\r\n<strong>Oposici\u00f3n al tratamiento<\/strong>: En determinadas circunstancias, y por motivos relacionados con su situaci\u00f3n particular, las personas que nos facilitan sus datos podr\u00e1n oponerse al tratamiento de los mismos. La entidad dejar\u00e1 de tratarlos, salvo por motivos leg\u00edtimos, imperiosos, o el ejercicio o la defensa de posibles reclamaciones.\r\n\r\n<strong>\u00a0Derecho a la portabilidad de sus datos:<\/strong>\u00a0La persona que nos facilita sus datos tendr\u00e1 derecho a recibir los datos personales que le incumban, aquellos que haya facilitado a la persona responsable del tratamiento, en un formato estructurado, de uso com\u00fan y de lectura mec\u00e1nica, as\u00ed como a transmitirlos a cualquiera otra persona que pueda ser responsable del tratamiento.\r\n\r\nPuede ejercer los referidos derechos dirigi\u00e9ndose a la persona responsable. Para ello, puede utilizar los datos de contacto facilitados al inicio del presente documento. Si desea obtener informaci\u00f3n adicional respecto al ejercicio de sus derechos, tambi\u00e9n puede dirigirse a la Agencia Espa\u00f1ola de Protecci\u00f3n de Datos (AEPD). Asimismo, le informamos que, y si lo cree oportuno, tiene el derecho a retirar en cualquier momento el consentimiento otorgado para alguna finalidad espec\u00edfica, sin que ello afecte a la licitud del tratamiento, basado en el consentimiento previo a su retirada. En el caso de que entienda que no se han atendido adecuadamente sus derechos, puede presentar una reclamaci\u00f3n ante la Agencia Espa\u00f1ola de Protecci\u00f3n de Datos (C\/ Jorge Juan, 6 - 28001 Madrid o en www.agpd.es).\r\n<h2>Cuestiones espec\u00edficas para cada actividad de tratamiento:<\/h2>\r\n<h2>\r\nTRATAMIENTO DE BRECHAS DE SEGURIDAD<\/h2>\r\n<strong>\u00bfCon qu\u00e9 finalidad tratamos tus datos personales?<\/strong>\r\n\r\nLa gesti\u00f3n y notificaci\u00f3n de brechas de seguridad.\r\n\r\n<strong>\u00bfDurante cu\u00e1nto tiempo trataremos sus datos?<\/strong>\r\n\r\nSe conservar\u00e1n durante el tiempo necesario para cumplir con la finalidad para la que se recabaron y para determinar las posibles responsabilidades que se pudieran derivar de dicha finalidad y del tratamiento de los datos. Una vez pasado dicho tiempo ser\u00e1n cancelados \/ suprimidos de oficio.\r\n\r\n<strong>\u00bfPor qu\u00e9 tratamos tus datos?<\/strong>\r\n\r\nObligaci\u00f3n legal del responsable.\r\n\r\n<strong>\u00bfA qu\u00e9 personas se comunicar\u00e1n tus datos?<\/strong>\r\n\r\nOtros \u00f3rganos de la administraci\u00f3n p\u00fablica.\r\n<h2>\r\nTRATAMIENTO DE COMUNICACIONES COMERCIALES<\/h2>\r\n<strong>\u00bfCon qu\u00e9 finalidad tratamos tus datos personales?<\/strong>\r\n\r\nRealizaci\u00f3n de acciones y comunicaciones comerciales y de marketing para informar y fidelizar clientes.\r\n\r\n<strong>\u00bfDurante cu\u00e1nto tiempo trataremos sus datos?<\/strong>\r\n\r\nSe conservar\u00e1n durante el tiempo necesario para cumplir con la finalidad para la que se recabaron y para determinar las posibles responsabilidades que se pudieran derivar de dicha finalidad y del tratamiento de los datos. Una vez pasado dicho tiempo ser\u00e1n cancelados \/ suprimidos de oficio.\r\n\r\n<strong>\u00bfPor qu\u00e9 tratamos tus datos?<\/strong>\r\n\r\nInter\u00e9s leg\u00edtimo del responsable, Consentimiento del interesado.\r\n\r\n<strong>\u00bfA qu\u00e9 personas se comunicar\u00e1n tus datos?<\/strong>\r\n\r\nNo se ceden datos a terceros, salvo obligaciones legales.\r\n<h2>TRATAMIENTO DE CONTACTOS<\/h2>\r\n<strong>\u00bfCon qu\u00e9 finalidad tratamos tus datos personales?<\/strong>\r\n\r\nGestionar y dar respuesta a solicitudes de informaci\u00f3n y presupuesto, as\u00ed como mantener contacto con fines profesionales o empresariales con las personas f\u00edsicas, incluidas las que representan a personas jur\u00eddicas, con las que la entidad mantiene relaci\u00f3n.\r\n\r\n<strong>\u00bfDurante cu\u00e1nto tiempo trataremos sus datos?<\/strong>\r\n\r\nSe conservar\u00e1n durante el tiempo necesario para cumplir con la finalidad para la que se recabaron y para determinar las posibles responsabilidades que se pudieran derivar de dicha finalidad y del tratamiento de los datos. Una vez pasado dicho tiempo ser\u00e1n cancelados \/ suprimidos de oficio.\r\n\r\n<strong>\u00bfPor qu\u00e9 tratamos tus datos?<\/strong>\r\n\r\nInter\u00e9s leg\u00edtimo del responsable.\r\n\r\n<strong>\u00bfA qu\u00e9 personas se comunicar\u00e1n tus datos?<\/strong>\r\n\r\nNo se ceden datos a terceros, salvo obligaciones legales.\r\n<h2>TRATAMIENTO DE EJERCICIO DE LOS DERECHOS<\/h2>\r\n<strong>\u00bfCon qu\u00e9 finalidad tratamos tus datos personales?<\/strong>\r\n\r\nGesti\u00f3n del ejercicio de los derechos contemplados en la legislaci\u00f3n de protecci\u00f3n de datos y de las hojas de reclamaciones.\r\n\r\n<strong>\u00bfDurante cu\u00e1nto tiempo trataremos sus datos?<\/strong>\r\n\r\nSe conservar\u00e1n durante el tiempo necesario para resolver las reclamaciones.\r\n\r\n<strong>\u00a0\u00bfPor qu\u00e9 tratamos tus datos?<\/strong>\r\n\r\nObligaci\u00f3n legal del responsable.\r\n\r\n<strong>\u00bfA qu\u00e9 personas se comunicar\u00e1n tus datos?<\/strong>\r\n\r\nOtros \u00f3rganos de la administraci\u00f3n p\u00fablica.\r\n<h2>TRATAMIENTO DE COMERCIALIZACI\u00d3N DE PRODUCTOS<\/h2>\r\n<strong>\u00bfCon qu\u00e9 finalidad tratamos tus datos personales?<\/strong>\r\n\r\nPrestaci\u00f3n propia de la distribuci\u00f3n o comercializaci\u00f3n de nuestros productos, Gesti\u00f3n fiscal y contable con la finalidad de cumplir con obligaciones legales.\r\n\r\n<strong>\u00bfDurante cu\u00e1nto tiempo trataremos sus datos?<\/strong>\r\n\r\nSe conservar\u00e1n durante el tiempo necesario para cumplir con la finalidad para la que se recabaron y para determinar las posibles responsabilidades que se pudieran derivar de dicha finalidad y del tratamiento de los datos. Una vez pasado dicho tiempo ser\u00e1n cancelados \/ suprimidos de oficio.\r\n\r\n<strong>\u00bfPor qu\u00e9 tratamos tus datos?<\/strong>\r\n\r\nRelaci\u00f3n contractual para la ejecuci\u00f3n de un contrato.\r\n\r\n<strong>\u00bfA qu\u00e9 personas se comunicar\u00e1n tus datos?<\/strong>\r\n\r\nAdministraci\u00f3n tributaria, Organizaciones o personas directamente relacionadas con el responsable.\r\n<h2>TRATAMIENTO DE PROVEEDORES<\/h2>\r\n<strong>\u00bfCon qu\u00e9 finalidad tratamos tus datos personales?<\/strong>\r\n\r\nGesti\u00f3n de la relaci\u00f3n comercial con proveedores.\r\n\r\n<strong>\u00bfDurante cu\u00e1nto tiempo trataremos sus datos?<\/strong>\r\n\r\nSe conservar\u00e1n durante el tiempo necesario para cumplir con la finalidad para la que se recabaron y para determinar las posibles responsabilidades que se pudieran derivar de dicha finalidad y del tratamiento de los datos. Una vez pasado dicho tiempo ser\u00e1n cancelados \/ suprimidos de oficio.\r\n\r\n<strong>\u00bfPor qu\u00e9 tratamos tus datos?<\/strong>\r\n\r\nRelaci\u00f3n contractual para la ejecuci\u00f3n de un contrato.\r\n\r\n<strong>\u00bfA qu\u00e9 personas se comunicar\u00e1n tus datos?<\/strong>\r\n\r\nBancos, cajas de ahorro y cajas rurales, Administraci\u00f3n tributaria.\r\n<h2>TRATAMIENTO DE SELECCI\u00d3N DE PERSONAL<\/h2>\r\n<strong>\u00bfCon qu\u00e9 finalidad tratamos tus datos personales?<\/strong>\r\n\r\nGesti\u00f3n de la relaci\u00f3n con los candidatos a un empleo en la entidad.\r\n\r\n<strong>\u00bfDurante cu\u00e1nto tiempo trataremos sus datos?<\/strong>\r\n\r\nSe conservar\u00e1n durante el tiempo necesario para cumplir con la finalidad para la que se recabaron y para determinar las posibles responsabilidades que se pudieran derivar de dicha finalidad y del tratamiento de los datos. Una vez pasado dicho tiempo ser\u00e1n cancelados \/ suprimidos de oficio.\r\n\r\n<strong>\u00a0\u00bfPor qu\u00e9 tratamos tus datos?<\/strong>\r\n\r\nConsentimiento del interesado.\r\n\r\n<strong>\u00a0\u00bfA qu\u00e9 personas se comunicar\u00e1n tus datos?<\/strong>\r\n\r\nNo se ceden datos a terceros, salvo obligaciones legales.\n<\/div>\n\t\t\t\t<\/div>\n\t\t\t\t<\/div>\n\t\t\t\t\t<\/div>\n\t\t<\/div>\n\t\t\t\t\t\t\t<\/div>\n\t\t<\/section>\n\t\t\t\t\t\t\t<\/div>\n\t\t","protected":false},"excerpt":{"rendered":"","protected":false},"author":1,"featured_media":0,"parent":0,"menu_order":0,"comment_status":"closed","ping_status":"closed","template":"","meta":{"footnotes":""},"_links":{"self":[{"href":"https:\/\/artesaniasgoya.com\/index.php?rest_route=\/wp\/v2\/pages\/3"}],"collection":[{"href":"https:\/\/artesaniasgoya.com\/index.php?rest_route=\/wp\/v2\/pages"}],"about":[{"href":"https:\/\/artesaniasgoya.com\/index.php?rest_route=\/wp\/v2\/types\/page"}],"author":[{"embeddable":true,"href":"https:\/\/artesaniasgoya.com\/index.php?rest_route=\/wp\/v2\/users\/1"}],"replies":[{"embeddable":true,"href":"https:\/\/artesaniasgoya.com\/index.php?rest_route=%2Fwp%2Fv2%2Fcomments&post=3"}],"version-history":[{"count":4,"href":"https:\/\/artesaniasgoya.com\/index.php?rest_route=\/wp\/v2\/pages\/3\/revisions"}],"predecessor-version":[{"id":7765,"href":"https:\/\/artesaniasgoya.com\/index.php?rest_route=\/wp\/v2\/pages\/3\/revisions\/7765"}],"wp:attachment":[{"href":"https:\/\/artesaniasgoya.com\/index.php?rest_route=%2Fwp%2Fv2%2Fmedia&parent=3"}],"curies":[{"name":"wp","href":"https:\/\/api.w.org\/{rel}","templated":true}]}}

Política de privacidad

<div data-elementor-type="wp-page" data-elementor-id="3" class="elementor elementor-3">
									<section class="elementor-section elementor-top-section elementor-element elementor-element-7c50c6ab elementor-section-boxed elementor-section-height-default elementor-section-height-default" data-id="7c50c6ab" data-element_type="section">
						<div class="elementor-container elementor-column-gap-default">
					<div class="elementor-column elementor-col-100 elementor-top-column elementor-element elementor-element-c772314" data-id="c772314" data-element_type="column">
			<div class="elementor-widget-wrap elementor-element-populated">
								<div class="elementor-element elementor-element-cdcc39b elementor-widget elementor-widget-shortcode" data-id="cdcc39b" data-element_type="widget" data-widget_type="shortcode.default">
				<div class="elementor-widget-container">
					<div class="elementor-shortcode"><h1>INFORMACIÓN ADICIONAL SOBRE NUESTRA POLÍTICA DE PROTECCIÓN DE DATOS</h1>
Cuestiones comunes para todas las actividades de tratamiento:

<strong>¿Quién se responsabiliza del tratamiento de tus datos?</strong>

Responsable de los datos: <strong>ARTESANÍAS GOYA S.L.</strong>

Número de documento <strong>B18327270</strong>

Dirección fiscal <strong>CAMINO REAL DE LOS NEVEROS 13, 18198 HUETOR VEGA, GRANADA.</strong>

Teléfono <strong>+34 958 501 448</strong>

Correo electrónico <strong>info@artesaniasgoya.com</strong>
<h2>¿Cuáles son tus derechos cuando nos facilitas tus datos?</h2>
Cualquier persona tiene derecho a obtener confirmación sobre si estamos tratando datos personales que les conciernen o no. En este sentido, tienes derecho a solicitar:

<strong>Acceso:</strong> La persona que nos facilita sus datos tendrá derecho a obtener del responsable del tratamiento confirmación de si se están tratando o no los datos que le concierne, así como información detallada acerca de determinados aspectos del tratamiento que se esté llevando a cabo.

<strong> Rectificación:</strong> La persona que nos facilita sus datos tendrá derecho a obtener la rectificación de los datos personales inexactos que le conciernen o a que se completen aquellos que fueran incompletos.

<strong>Supresión:</strong> La persona que nos facilita sus datos tendrá derecho a solicitar la supresión de sus datos personales; en todo caso la supresión estará sujeta a los límites establecidos en la norma reguladora.

<strong>Limitación de su tratamiento:</strong> La persona que nos facilita sus datos tendrá derecho a solicitar la limitación del tratamiento de sus datos de carácter personal.

<strong>Oposición al tratamiento</strong>: En determinadas circunstancias, y por motivos relacionados con su situación particular, las personas que nos facilitan sus datos podrán oponerse al tratamiento de los mismos. La entidad dejará de tratarlos, salvo por motivos legítimos, imperiosos, o el ejercicio o la defensa de posibles reclamaciones.

<strong> Derecho a la portabilidad de sus datos:</strong> La persona que nos facilita sus datos tendrá derecho a recibir los datos personales que le incumban, aquellos que haya facilitado a la persona responsable del tratamiento, en un formato estructurado, de uso común y de lectura mecánica, así como a transmitirlos a cualquiera otra persona que pueda ser responsable del tratamiento.

Puede ejercer los referidos derechos dirigiéndose a la persona responsable. Para ello, puede utilizar los datos de contacto facilitados al inicio del presente documento. Si desea obtener información adicional respecto al ejercicio de sus derechos, también puede dirigirse a la Agencia Española de Protección de Datos (AEPD). Asimismo, le informamos que, y si lo cree oportuno, tiene el derecho a retirar en cualquier momento el consentimiento otorgado para alguna finalidad específica, sin que ello afecte a la licitud del tratamiento, basado en el consentimiento previo a su retirada. En el caso de que entienda que no se han atendido adecuadamente sus derechos, puede presentar una reclamación ante la Agencia Española de Protección de Datos (C/ Jorge Juan, 6 - 28001 Madrid o en www.agpd.es).
<h2>Cuestiones específicas para cada actividad de tratamiento:</h2>
<h2>
TRATAMIENTO DE BRECHAS DE SEGURIDAD</h2>
<strong>¿Con qué finalidad tratamos tus datos personales?</strong>

La gestión y notificación de brechas de seguridad.

<strong>¿Durante cuánto tiempo trataremos sus datos?</strong>

Se conservarán durante el tiempo necesario para cumplir con la finalidad para la que se recabaron y para determinar las posibles responsabilidades que se pudieran derivar de dicha finalidad y del tratamiento de los datos. Una vez pasado dicho tiempo serán cancelados / suprimidos de oficio.

<strong>¿Por qué tratamos tus datos?</strong>

Obligación legal del responsable.

<strong>¿A qué personas se comunicarán tus datos?</strong>

Otros órganos de la administración pública.
<h2>
TRATAMIENTO DE COMUNICACIONES COMERCIALES</h2>
<strong>¿Con qué finalidad tratamos tus datos personales?</strong>

Realización de acciones y comunicaciones comerciales y de marketing para informar y fidelizar clientes.

<strong>¿Durante cuánto tiempo trataremos sus datos?</strong>

Se conservarán durante el tiempo necesario para cumplir con la finalidad para la que se recabaron y para determinar las posibles responsabilidades que se pudieran derivar de dicha finalidad y del tratamiento de los datos. Una vez pasado dicho tiempo serán cancelados / suprimidos de oficio.

<strong>¿Por qué tratamos tus datos?</strong>

Interés legítimo del responsable, Consentimiento del interesado.

<strong>¿A qué personas se comunicarán tus datos?</strong>

No se ceden datos a terceros, salvo obligaciones legales.
<h2>TRATAMIENTO DE CONTACTOS</h2>
<strong>¿Con qué finalidad tratamos tus datos personales?</strong>

Gestionar y dar respuesta a solicitudes de información y presupuesto, así como mantener contacto con fines profesionales o empresariales con las personas físicas, incluidas las que representan a personas jurídicas, con las que la entidad mantiene relación.

<strong>¿Durante cuánto tiempo trataremos sus datos?</strong>

Se conservarán durante el tiempo necesario para cumplir con la finalidad para la que se recabaron y para determinar las posibles responsabilidades que se pudieran derivar de dicha finalidad y del tratamiento de los datos. Una vez pasado dicho tiempo serán cancelados / suprimidos de oficio.

<strong>¿Por qué tratamos tus datos?</strong>

Interés legítimo del responsable.

<strong>¿A qué personas se comunicarán tus datos?</strong>

No se ceden datos a terceros, salvo obligaciones legales.
<h2>TRATAMIENTO DE EJERCICIO DE LOS DERECHOS</h2>
<strong>¿Con qué finalidad tratamos tus datos personales?</strong>

Gestión del ejercicio de los derechos contemplados en la legislación de protección de datos y de las hojas de reclamaciones.

<strong>¿Durante cuánto tiempo trataremos sus datos?</strong>

Se conservarán durante el tiempo necesario para resolver las reclamaciones.

<strong> ¿Por qué tratamos tus datos?</strong>

Obligación legal del responsable.

<strong>¿A qué personas se comunicarán tus datos?</strong>

Otros órganos de la administración pública.
<h2>TRATAMIENTO DE COMERCIALIZACIÓN DE PRODUCTOS</h2>
<strong>¿Con qué finalidad tratamos tus datos personales?</strong>

Prestación propia de la distribución o comercialización de nuestros productos, Gestión fiscal y contable con la finalidad de cumplir con obligaciones legales.

<strong>¿Durante cuánto tiempo trataremos sus datos?</strong>

Se conservarán durante el tiempo necesario para cumplir con la finalidad para la que se recabaron y para determinar las posibles responsabilidades que se pudieran derivar de dicha finalidad y del tratamiento de los datos. Una vez pasado dicho tiempo serán cancelados / suprimidos de oficio.

<strong>¿Por qué tratamos tus datos?</strong>

Relación contractual para la ejecución de un contrato.

<strong>¿A qué personas se comunicarán tus datos?</strong>

Administración tributaria, Organizaciones o personas directamente relacionadas con el responsable.
<h2>TRATAMIENTO DE PROVEEDORES</h2>
<strong>¿Con qué finalidad tratamos tus datos personales?</strong>

Gestión de la relación comercial con proveedores.

<strong>¿Durante cuánto tiempo trataremos sus datos?</strong>

Se conservarán durante el tiempo necesario para cumplir con la finalidad para la que se recabaron y para determinar las posibles responsabilidades que se pudieran derivar de dicha finalidad y del tratamiento de los datos. Una vez pasado dicho tiempo serán cancelados / suprimidos de oficio.

<strong>¿Por qué tratamos tus datos?</strong>

Relación contractual para la ejecución de un contrato.

<strong>¿A qué personas se comunicarán tus datos?</strong>

Bancos, cajas de ahorro y cajas rurales, Administración tributaria.
<h2>TRATAMIENTO DE SELECCIÓN DE PERSONAL</h2>
<strong>¿Con qué finalidad tratamos tus datos personales?</strong>

Gestión de la relación con los candidatos a un empleo en la entidad.

<strong>¿Durante cuánto tiempo trataremos sus datos?</strong>

Se conservarán durante el tiempo necesario para cumplir con la finalidad para la que se recabaron y para determinar las posibles responsabilidades que se pudieran derivar de dicha finalidad y del tratamiento de los datos. Una vez pasado dicho tiempo serán cancelados / suprimidos de oficio.

<strong> ¿Por qué tratamos tus datos?</strong>

Consentimiento del interesado.

<strong> ¿A qué personas se comunicarán tus datos?</strong>

No se ceden datos a terceros, salvo obligaciones legales.
</div>
				</div>
				</div>
					</div>
		</div>
							</div>
		</section>
							</div>
