{"id":7207,"date":"2023-02-10T13:35:04","date_gmt":"2023-02-10T13:35:04","guid":{"rendered":"https:\/\/artesaniasgoya.com\/?page_id=7207"},"modified":"2023-02-12T13:11:53","modified_gmt":"2023-02-12T13:11:53","slug":"ofertas-y-promociones","status":"publish","type":"page","link":"https:\/\/artesaniasgoya.com\/?page_id=7207","title":{"rendered":"Ofertas y Promociones"},"content":{"rendered":"\t\t<div data-elementor-type=\"wp-page\" data-elementor-id=\"7207\" class=\"elementor elementor-7207\">\n\t\t\t\t\t\t\t\t\t<section class=\"elementor-section elementor-top-section elementor-element elementor-element-ec92b9b elementor-section-boxed elementor-section-height-default elementor-section-height-default\" data-id=\"ec92b9b\" data-element_type=\"section\">\n\t\t\t\t\t\t<div class=\"elementor-container elementor-column-gap-default\">\n\t\t\t\t\t<div class=\"elementor-column elementor-col-100 elementor-top-column elementor-element elementor-element-d0ff6a8\" data-id=\"d0ff6a8\" data-element_type=\"column\">\n\t\t\t<div class=\"elementor-widget-wrap elementor-element-populated\">\n\t\t\t\t\t\t\t\t<div class=\"elementor-element elementor-element-e8fec18 elementor-widget elementor-widget-text-editor\" data-id=\"e8fec18\" data-element_type=\"widget\" data-widget_type=\"text-editor.default\">\n\t\t\t\t<div class=\"elementor-widget-container\">\n\t\t\t<style>\/*! elementor - v3.15.0 - 31-07-2023 *\/\n.elementor-widget-text-editor.elementor-drop-cap-view-stacked .elementor-drop-cap{background-color:#69727d;color:#fff}.elementor-widget-text-editor.elementor-drop-cap-view-framed .elementor-drop-cap{color:#69727d;border:3px solid;background-color:transparent}.elementor-widget-text-editor:not(.elementor-drop-cap-view-default) .elementor-drop-cap{margin-top:8px}.elementor-widget-text-editor:not(.elementor-drop-cap-view-default) .elementor-drop-cap-letter{width:1em;height:1em}.elementor-widget-text-editor .elementor-drop-cap{float:left;text-align:center;line-height:1;font-size:50px}.elementor-widget-text-editor .elementor-drop-cap-letter{display:inline-block}<\/style>\t\t\t\t<p>Para estar al d\u00eda de las ofertas y promociones, suscr\u00edbete a nuestra Newsletter o s\u00edguenos en nuestras Redes Sociales.<\/p><p>Adem\u00e1s, en este apartado encontrar\u00e1s toda la informaci\u00f3n sobre descuentos y promociones vigentes:<\/p>\t\t\t\t\t\t<\/div>\n\t\t\t\t<\/div>\n\t\t\t\t<div class=\"elementor-element elementor-element-10837d4 elementor-widget elementor-widget-etheme_product_list\" data-id=\"10837d4\" data-element_type=\"widget\" data-settings=\"{&quot;navigation&quot;:&quot;none&quot;}\" data-widget_type=\"etheme_product_list.default\">\n\t\t\t\t<div class=\"elementor-widget-container\">\n\t\t\t\t\t\r\n\t\t        <link rel=\"stylesheet\" href=\"https:\/\/artesaniasgoya.com\/wp-content\/themes\/xstore\/css\/modules\/woocommerce\/archive.min.css\" type=\"text\/css\" media=\"all\" \/> \t\t        <link rel=\"stylesheet\" href=\"https:\/\/artesaniasgoya.com\/wp-content\/themes\/xstore\/css\/modules\/woocommerce\/product-hovers\/product-view-light.min.css\" type=\"text\/css\" media=\"all\" \/> \t\t<div class=\"etheme-product-list  \">\r\n\r\n        \r\n        <div class=\"etheme-product-list-item product type-product post-6297 status-publish first instock product_cat-mug product_tag-granada product_tag-mug product_tag-taza has-post-thumbnail sale featured taxable shipping-taxable purchasable product-type-simple\">\r\n        \r\n        <div class=\"etheme-product-list-image\"><a href=\"https:\/\/artesaniasgoya.com\/?product=mug-grande-azulejos-000300-mg1\"><img loading=\"lazy\" decoding=\"async\" width=\"300\" height=\"300\" src=\"https:\/\/artesaniasgoya.com\/wp-content\/uploads\/2023\/02\/000300.MG1_1200-300x300.jpg\" class=\"attachment-woocommerce_thumbnail size-woocommerce_thumbnail\" alt=\"\" srcset=\"https:\/\/artesaniasgoya.com\/wp-content\/uploads\/2023\/02\/000300.MG1_1200-300x300.jpg 300w, https:\/\/artesaniasgoya.com\/wp-content\/uploads\/2023\/02\/000300.MG1_1200-1024x1024.jpg 1024w, https:\/\/artesaniasgoya.com\/wp-content\/uploads\/2023\/02\/000300.MG1_1200-150x150.jpg 150w, https:\/\/artesaniasgoya.com\/wp-content\/uploads\/2023\/02\/000300.MG1_1200-768x768.jpg 768w, https:\/\/artesaniasgoya.com\/wp-content\/uploads\/2023\/02\/000300.MG1_1200-600x600.jpg 600w, https:\/\/artesaniasgoya.com\/wp-content\/uploads\/2023\/02\/000300.MG1_1200-100x100.jpg 100w, https:\/\/artesaniasgoya.com\/wp-content\/uploads\/2023\/02\/000300.MG1_1200-1x1.jpg 1w, https:\/\/artesaniasgoya.com\/wp-content\/uploads\/2023\/02\/000300.MG1_1200-10x10.jpg 10w, https:\/\/artesaniasgoya.com\/wp-content\/uploads\/2023\/02\/000300.MG1_1200.jpg 1200w\" sizes=\"(max-width: 300px) 100vw, 300px\" \/><\/a><\/div><div class=\"etheme-product-list-content\"><div class=\"etheme-product-list-categories\"><a href=\"https:\/\/artesaniasgoya.com\/?product_cat=mug\" rel=\"tag\">Mug<\/a><\/div><h2 class=\"woocommerce-loop-product__title etheme-product-list-title\"><a href=\"https:\/\/artesaniasgoya.com\/?product=mug-grande-azulejos-000300-mg1\">Mug Grande: Azulejos 000300.MG1<\/a><\/h2><div class=\"star-rating-wrapper\"><\/div>\n\t<span class=\"price\"><del aria-hidden=\"true\"><span class=\"woocommerce-Price-amount amount\"><bdi>2,30&nbsp;<span class=\"woocommerce-Price-currencySymbol\">&euro;<\/span><\/bdi><\/span><\/del> <span class=\"screen-reader-text\">El precio original era: 2,30&nbsp;&euro;.<\/span><ins aria-hidden=\"true\"><span class=\"woocommerce-Price-amount amount\"><bdi>2,00&nbsp;<span class=\"woocommerce-Price-currencySymbol\">&euro;<\/span><\/bdi><\/span><\/ins><span class=\"screen-reader-text\">El precio actual es: 2,00&nbsp;&euro;.<\/span><\/span>\n<\/div>        <\/div>\r\n                \r\n        <div class=\"etheme-product-list-item product type-product post-6300 status-publish last instock product_cat-mug product_tag-granada product_tag-mug product_tag-taza has-post-thumbnail sale featured taxable shipping-taxable purchasable product-type-simple\">\r\n        \r\n        <div class=\"etheme-product-list-image\"><a href=\"https:\/\/artesaniasgoya.com\/?product=mug-grande-diseno-000300-66\"><img loading=\"lazy\" decoding=\"async\" width=\"300\" height=\"300\" src=\"https:\/\/artesaniasgoya.com\/wp-content\/uploads\/2023\/02\/000300.66_1200-300x300.jpg\" class=\"attachment-woocommerce_thumbnail size-woocommerce_thumbnail\" alt=\"\" srcset=\"https:\/\/artesaniasgoya.com\/wp-content\/uploads\/2023\/02\/000300.66_1200-300x300.jpg 300w, https:\/\/artesaniasgoya.com\/wp-content\/uploads\/2023\/02\/000300.66_1200-1024x1024.jpg 1024w, https:\/\/artesaniasgoya.com\/wp-content\/uploads\/2023\/02\/000300.66_1200-150x150.jpg 150w, https:\/\/artesaniasgoya.com\/wp-content\/uploads\/2023\/02\/000300.66_1200-768x768.jpg 768w, https:\/\/artesaniasgoya.com\/wp-content\/uploads\/2023\/02\/000300.66_1200-600x600.jpg 600w, https:\/\/artesaniasgoya.com\/wp-content\/uploads\/2023\/02\/000300.66_1200-100x100.jpg 100w, https:\/\/artesaniasgoya.com\/wp-content\/uploads\/2023\/02\/000300.66_1200-1x1.jpg 1w, https:\/\/artesaniasgoya.com\/wp-content\/uploads\/2023\/02\/000300.66_1200-10x10.jpg 10w, https:\/\/artesaniasgoya.com\/wp-content\/uploads\/2023\/02\/000300.66_1200.jpg 1200w\" sizes=\"(max-width: 300px) 100vw, 300px\" \/><\/a><\/div><div class=\"etheme-product-list-content\"><div class=\"etheme-product-list-categories\"><a href=\"https:\/\/artesaniasgoya.com\/?product_cat=mug\" rel=\"tag\">Mug<\/a><\/div><h2 class=\"woocommerce-loop-product__title etheme-product-list-title\"><a href=\"https:\/\/artesaniasgoya.com\/?product=mug-grande-diseno-000300-66\">Mug Grande: Dise\u00f1o 000300.66<\/a><\/h2><div class=\"star-rating-wrapper\"><\/div>\n\t<span class=\"price\"><del aria-hidden=\"true\"><span class=\"woocommerce-Price-amount amount\"><bdi>2,30&nbsp;<span class=\"woocommerce-Price-currencySymbol\">&euro;<\/span><\/bdi><\/span><\/del> <span class=\"screen-reader-text\">El precio original era: 2,30&nbsp;&euro;.<\/span><ins aria-hidden=\"true\"><span class=\"woocommerce-Price-amount amount\"><bdi>2,00&nbsp;<span class=\"woocommerce-Price-currencySymbol\">&euro;<\/span><\/bdi><\/span><\/ins><span class=\"screen-reader-text\">El precio actual es: 2,00&nbsp;&euro;.<\/span><\/span>\n<\/div>        <\/div>\r\n                \r\n        <div class=\"etheme-product-list-item product type-product post-6301 status-publish first instock product_cat-mug product_tag-granada product_tag-mug product_tag-taza has-post-thumbnail sale taxable shipping-taxable purchasable product-type-simple\">\r\n        \r\n        <div class=\"etheme-product-list-image\"><a href=\"https:\/\/artesaniasgoya.com\/?product=mug-grande-diseno-000300-13\"><img loading=\"lazy\" decoding=\"async\" width=\"300\" height=\"300\" src=\"https:\/\/artesaniasgoya.com\/wp-content\/uploads\/2023\/02\/000300.13_1200-300x300.jpg\" class=\"attachment-woocommerce_thumbnail size-woocommerce_thumbnail\" alt=\"\" srcset=\"https:\/\/artesaniasgoya.com\/wp-content\/uploads\/2023\/02\/000300.13_1200-300x300.jpg 300w, https:\/\/artesaniasgoya.com\/wp-content\/uploads\/2023\/02\/000300.13_1200-1024x1024.jpg 1024w, https:\/\/artesaniasgoya.com\/wp-content\/uploads\/2023\/02\/000300.13_1200-150x150.jpg 150w, https:\/\/artesaniasgoya.com\/wp-content\/uploads\/2023\/02\/000300.13_1200-768x768.jpg 768w, https:\/\/artesaniasgoya.com\/wp-content\/uploads\/2023\/02\/000300.13_1200-600x600.jpg 600w, https:\/\/artesaniasgoya.com\/wp-content\/uploads\/2023\/02\/000300.13_1200-100x100.jpg 100w, https:\/\/artesaniasgoya.com\/wp-content\/uploads\/2023\/02\/000300.13_1200-1x1.jpg 1w, https:\/\/artesaniasgoya.com\/wp-content\/uploads\/2023\/02\/000300.13_1200-10x10.jpg 10w, https:\/\/artesaniasgoya.com\/wp-content\/uploads\/2023\/02\/000300.13_1200.jpg 1200w\" sizes=\"(max-width: 300px) 100vw, 300px\" \/><\/a><\/div><div class=\"etheme-product-list-content\"><div class=\"etheme-product-list-categories\"><a href=\"https:\/\/artesaniasgoya.com\/?product_cat=mug\" rel=\"tag\">Mug<\/a><\/div><h2 class=\"woocommerce-loop-product__title etheme-product-list-title\"><a href=\"https:\/\/artesaniasgoya.com\/?product=mug-grande-diseno-000300-13\">Mug Grande: Dise\u00f1o 000300.13<\/a><\/h2><div class=\"star-rating-wrapper\"><\/div>\n\t<span class=\"price\"><del aria-hidden=\"true\"><span class=\"woocommerce-Price-amount amount\"><bdi>2,30&nbsp;<span class=\"woocommerce-Price-currencySymbol\">&euro;<\/span><\/bdi><\/span><\/del> <span class=\"screen-reader-text\">El precio original era: 2,30&nbsp;&euro;.<\/span><ins aria-hidden=\"true\"><span class=\"woocommerce-Price-amount amount\"><bdi>2,00&nbsp;<span class=\"woocommerce-Price-currencySymbol\">&euro;<\/span><\/bdi><\/span><\/ins><span class=\"screen-reader-text\">El precio actual es: 2,00&nbsp;&euro;.<\/span><\/span>\n<\/div>        <\/div>\r\n                \r\n        <div class=\"etheme-product-list-item product type-product post-6303 status-publish last instock product_cat-mug product_tag-granada product_tag-mug product_tag-taza has-post-thumbnail sale featured taxable shipping-taxable purchasable product-type-simple\">\r\n        \r\n        <div class=\"etheme-product-list-image\"><a href=\"https:\/\/artesaniasgoya.com\/?product=mug-grande-azulejos-000300-35\"><img loading=\"lazy\" decoding=\"async\" width=\"300\" height=\"300\" src=\"https:\/\/artesaniasgoya.com\/wp-content\/uploads\/2023\/02\/000300.35_1200-300x300.jpg\" class=\"attachment-woocommerce_thumbnail size-woocommerce_thumbnail\" alt=\"\" srcset=\"https:\/\/artesaniasgoya.com\/wp-content\/uploads\/2023\/02\/000300.35_1200-300x300.jpg 300w, https:\/\/artesaniasgoya.com\/wp-content\/uploads\/2023\/02\/000300.35_1200-1024x1024.jpg 1024w, https:\/\/artesaniasgoya.com\/wp-content\/uploads\/2023\/02\/000300.35_1200-150x150.jpg 150w, https:\/\/artesaniasgoya.com\/wp-content\/uploads\/2023\/02\/000300.35_1200-768x768.jpg 768w, https:\/\/artesaniasgoya.com\/wp-content\/uploads\/2023\/02\/000300.35_1200-600x600.jpg 600w, https:\/\/artesaniasgoya.com\/wp-content\/uploads\/2023\/02\/000300.35_1200-100x100.jpg 100w, https:\/\/artesaniasgoya.com\/wp-content\/uploads\/2023\/02\/000300.35_1200-1x1.jpg 1w, https:\/\/artesaniasgoya.com\/wp-content\/uploads\/2023\/02\/000300.35_1200-10x10.jpg 10w, https:\/\/artesaniasgoya.com\/wp-content\/uploads\/2023\/02\/000300.35_1200.jpg 1200w\" sizes=\"(max-width: 300px) 100vw, 300px\" \/><\/a><\/div><div class=\"etheme-product-list-content\"><div class=\"etheme-product-list-categories\"><a href=\"https:\/\/artesaniasgoya.com\/?product_cat=mug\" rel=\"tag\">Mug<\/a><\/div><h2 class=\"woocommerce-loop-product__title etheme-product-list-title\"><a href=\"https:\/\/artesaniasgoya.com\/?product=mug-grande-azulejos-000300-35\">Mug Grande: Azulejos 000300.35<\/a><\/h2><div class=\"star-rating-wrapper\"><\/div>\n\t<span class=\"price\"><del aria-hidden=\"true\"><span class=\"woocommerce-Price-amount amount\"><bdi>2,30&nbsp;<span class=\"woocommerce-Price-currencySymbol\">&euro;<\/span><\/bdi><\/span><\/del> <span class=\"screen-reader-text\">El precio original era: 2,30&nbsp;&euro;.<\/span><ins aria-hidden=\"true\"><span class=\"woocommerce-Price-amount amount\"><bdi>2,00&nbsp;<span class=\"woocommerce-Price-currencySymbol\">&euro;<\/span><\/bdi><\/span><\/ins><span class=\"screen-reader-text\">El precio actual es: 2,00&nbsp;&euro;.<\/span><\/span>\n<\/div>        <\/div>\r\n                \r\n        <div class=\"etheme-product-list-item product type-product post-6703 status-publish first instock product_cat-llaveros product_tag-granada product_tag-llavero has-post-thumbnail sale taxable shipping-taxable purchasable product-type-simple\">\r\n        \r\n        <div class=\"etheme-product-list-image\"><a href=\"https:\/\/artesaniasgoya.com\/?product=llavero-hamsa-t001-d\"><img loading=\"lazy\" decoding=\"async\" width=\"300\" height=\"300\" src=\"https:\/\/artesaniasgoya.com\/wp-content\/uploads\/2023\/02\/T001.D_1200-300x300.jpg\" class=\"attachment-woocommerce_thumbnail size-woocommerce_thumbnail\" alt=\"\" srcset=\"https:\/\/artesaniasgoya.com\/wp-content\/uploads\/2023\/02\/T001.D_1200-300x300.jpg 300w, https:\/\/artesaniasgoya.com\/wp-content\/uploads\/2023\/02\/T001.D_1200-1024x1024.jpg 1024w, https:\/\/artesaniasgoya.com\/wp-content\/uploads\/2023\/02\/T001.D_1200-150x150.jpg 150w, https:\/\/artesaniasgoya.com\/wp-content\/uploads\/2023\/02\/T001.D_1200-768x768.jpg 768w, https:\/\/artesaniasgoya.com\/wp-content\/uploads\/2023\/02\/T001.D_1200-600x600.jpg 600w, https:\/\/artesaniasgoya.com\/wp-content\/uploads\/2023\/02\/T001.D_1200-100x100.jpg 100w, https:\/\/artesaniasgoya.com\/wp-content\/uploads\/2023\/02\/T001.D_1200-1x1.jpg 1w, https:\/\/artesaniasgoya.com\/wp-content\/uploads\/2023\/02\/T001.D_1200-10x10.jpg 10w, https:\/\/artesaniasgoya.com\/wp-content\/uploads\/2023\/02\/T001.D_1200.jpg 1200w\" sizes=\"(max-width: 300px) 100vw, 300px\" \/><\/a><\/div><div class=\"etheme-product-list-content\"><div class=\"etheme-product-list-categories\"><a href=\"https:\/\/artesaniasgoya.com\/?product_cat=llaveros\" rel=\"tag\">Llaveros<\/a><\/div><h2 class=\"woocommerce-loop-product__title etheme-product-list-title\"><a href=\"https:\/\/artesaniasgoya.com\/?product=llavero-hamsa-t001-d\">Llavero Hamsa T001.D<\/a><\/h2><div class=\"star-rating-wrapper\"><\/div>\n\t<span class=\"price\"><del aria-hidden=\"true\"><span class=\"woocommerce-Price-amount amount\"><bdi>1,00&nbsp;<span class=\"woocommerce-Price-currencySymbol\">&euro;<\/span><\/bdi><\/span><\/del> <span class=\"screen-reader-text\">El precio original era: 1,00&nbsp;&euro;.<\/span><ins aria-hidden=\"true\"><span class=\"woocommerce-Price-amount amount\"><bdi>0,90&nbsp;<span class=\"woocommerce-Price-currencySymbol\">&euro;<\/span><\/bdi><\/span><\/ins><span class=\"screen-reader-text\">El precio actual es: 0,90&nbsp;&euro;.<\/span><\/span>\n<\/div>        <\/div>\r\n        <\/div> <!-- .row -->\t\t<\/div>\n\t\t\t\t<\/div>\n\t\t\t\t\t<\/div>\n\t\t<\/div>\n\t\t\t\t\t\t\t<\/div>\n\t\t<\/section>\n\t\t\t\t\t\t\t<\/div>\n\t\t","protected":false},"excerpt":{"rendered":"<p>Para estar al d\u00eda de las ofertas y promociones, suscr\u00edbete a nuestra Newsletter o s\u00edguenos en nuestras Redes Sociales. Adem\u00e1s, en este apartado encontrar\u00e1s toda&#8230;<\/p>\n","protected":false},"author":1,"featured_media":0,"parent":0,"menu_order":0,"comment_status":"closed","ping_status":"closed","template":"","meta":{"footnotes":""},"_links":{"self":[{"href":"https:\/\/artesaniasgoya.com\/index.php?rest_route=\/wp\/v2\/pages\/7207"}],"collection":[{"href":"https:\/\/artesaniasgoya.com\/index.php?rest_route=\/wp\/v2\/pages"}],"about":[{"href":"https:\/\/artesaniasgoya.com\/index.php?rest_route=\/wp\/v2\/types\/page"}],"author":[{"embeddable":true,"href":"https:\/\/artesaniasgoya.com\/index.php?rest_route=\/wp\/v2\/users\/1"}],"replies":[{"embeddable":true,"href":"https:\/\/artesaniasgoya.com\/index.php?rest_route=%2Fwp%2Fv2%2Fcomments&post=7207"}],"version-history":[{"count":7,"href":"https:\/\/artesaniasgoya.com\/index.php?rest_route=\/wp\/v2\/pages\/7207\/revisions"}],"predecessor-version":[{"id":7425,"href":"https:\/\/artesaniasgoya.com\/index.php?rest_route=\/wp\/v2\/pages\/7207\/revisions\/7425"}],"wp:attachment":[{"href":"https:\/\/artesaniasgoya.com\/index.php?rest_route=%2Fwp%2Fv2%2Fmedia&parent=7207"}],"curies":[{"name":"wp","href":"https:\/\/api.w.org\/{rel}","templated":true}]}}