{"id":6648,"date":"2023-02-09T14:52:37","date_gmt":"2023-02-09T14:52:37","guid":{"rendered":"https:\/\/artesaniasgoya.com\/?post_type=product&#038;p=6648"},"modified":"2023-03-07T16:01:11","modified_gmt":"2023-03-07T16:01:11","slug":"dedal-azulejos-granada-000446-m2","status":"publish","type":"product","link":"https:\/\/artesaniasgoya.com\/?product=dedal-azulejos-granada-000446-m2","title":{"rendered":"Dedal Azulejos Granada 000446.M2"},"content":{"rendered":"<p>Una selecci\u00f3n de los m\u00e1s bellos dise\u00f1os de dedales. Elaborados de porcelana e impresi\u00f3n de alta calidad<\/p>\n","protected":false},"excerpt":{"rendered":"<p>Dedal en porcelana impresa. Recuerdo de Granada.<\/p>\n","protected":false},"featured_media":8027,"template":"","meta":[],"product_cat":[106],"product_tag":[118,138],"etheme_brands":{"errors":{"invalid_taxonomy":["Taxonom\u00eda no v\u00e1lida."]},"error_data":[]},"_links":{"self":[{"href":"https:\/\/artesaniasgoya.com\/index.php?rest_route=\/wp\/v2\/product\/6648"}],"collection":[{"href":"https:\/\/artesaniasgoya.com\/index.php?rest_route=\/wp\/v2\/product"}],"about":[{"href":"https:\/\/artesaniasgoya.com\/index.php?rest_route=\/wp\/v2\/types\/product"}],"version-history":[{"count":1,"href":"https:\/\/artesaniasgoya.com\/index.php?rest_route=\/wp\/v2\/product\/6648\/revisions"}],"predecessor-version":[{"id":6677,"href":"https:\/\/artesaniasgoya.com\/index.php?rest_route=\/wp\/v2\/product\/6648\/revisions\/6677"}],"wp:featuredmedia":[{"embeddable":true,"href":"https:\/\/artesaniasgoya.com\/index.php?rest_route=\/wp\/v2\/media\/8027"}],"wp:attachment":[{"href":"https:\/\/artesaniasgoya.com\/index.php?rest_route=%2Fwp%2Fv2%2Fmedia&parent=6648"}],"wp:term":[{"taxonomy":"product_cat","embeddable":true,"href":"https:\/\/artesaniasgoya.com\/index.php?rest_route=%2Fwp%2Fv2%2Fproduct_cat&post=6648"},{"taxonomy":"product_tag","embeddable":true,"href":"https:\/\/artesaniasgoya.com\/index.php?rest_route=%2Fwp%2Fv2%2Fproduct_tag&post=6648"}],"curies":[{"name":"wp","href":"https:\/\/api.w.org\/{rel}","templated":true}]}}

<p>Una selección de los más bellos diseños de dedales. Elaborados de porcelana e impresión de alta calidad</p>

Taxonomía no válida.
