{"id":7290,"date":"2023-02-10T20:12:39","date_gmt":"2023-02-10T20:12:39","guid":{"rendered":"https:\/\/artesaniasgoya.com\/?post_type=product&#038;p=7290"},"modified":"2023-03-10T10:24:18","modified_gmt":"2023-03-10T10:24:18","slug":"pastillero-m02230-4","status":"publish","type":"product","link":"https:\/\/artesaniasgoya.com\/?product=pastillero-m02230-4","title":{"rendered":"Pastillero M02230.4"},"content":{"rendered":"<p>Una selecci\u00f3n de los m\u00e1s bellos dise\u00f1os de pastilleros. Elaborados de metal con impresi\u00f3n de alta calidad<\/p>\n","protected":false},"excerpt":{"rendered":"<p>Pastillero met\u00e1lico. Recuerdo de Granada.<\/p>\n","protected":false},"featured_media":8080,"template":"","meta":[],"product_cat":[114],"product_tag":[138,128],"etheme_brands":{"errors":{"invalid_taxonomy":["Taxonom\u00eda no v\u00e1lida."]},"error_data":[]},"_links":{"self":[{"href":"https:\/\/artesaniasgoya.com\/index.php?rest_route=\/wp\/v2\/product\/7290"}],"collection":[{"href":"https:\/\/artesaniasgoya.com\/index.php?rest_route=\/wp\/v2\/product"}],"about":[{"href":"https:\/\/artesaniasgoya.com\/index.php?rest_route=\/wp\/v2\/types\/product"}],"version-history":[{"count":1,"href":"https:\/\/artesaniasgoya.com\/index.php?rest_route=\/wp\/v2\/product\/7290\/revisions"}],"predecessor-version":[{"id":7318,"href":"https:\/\/artesaniasgoya.com\/index.php?rest_route=\/wp\/v2\/product\/7290\/revisions\/7318"}],"wp:featuredmedia":[{"embeddable":true,"href":"https:\/\/artesaniasgoya.com\/index.php?rest_route=\/wp\/v2\/media\/8080"}],"wp:attachment":[{"href":"https:\/\/artesaniasgoya.com\/index.php?rest_route=%2Fwp%2Fv2%2Fmedia&parent=7290"}],"wp:term":[{"taxonomy":"product_cat","embeddable":true,"href":"https:\/\/artesaniasgoya.com\/index.php?rest_route=%2Fwp%2Fv2%2Fproduct_cat&post=7290"},{"taxonomy":"product_tag","embeddable":true,"href":"https:\/\/artesaniasgoya.com\/index.php?rest_route=%2Fwp%2Fv2%2Fproduct_tag&post=7290"}],"curies":[{"name":"wp","href":"https:\/\/api.w.org\/{rel}","templated":true}]}}