{"id":8032,"date":"2023-03-07T16:02:52","date_gmt":"2023-03-07T16:02:52","guid":{"rendered":"https:\/\/artesaniasgoya.com\/?post_type=product&#038;p=8032"},"modified":"2023-03-07T16:03:18","modified_gmt":"2023-03-07T16:03:18","slug":"dedal-azulejos-granada-000446-m3","status":"publish","type":"product","link":"https:\/\/artesaniasgoya.com\/?product=dedal-azulejos-granada-000446-m3","title":{"rendered":"Dedal Azulejos Granada 000446.M3"},"content":{"rendered":"<p>Una selecci\u00f3n de los m\u00e1s bellos dise\u00f1os de dedales. Elaborados de porcelana e impresi\u00f3n de alta calidad<\/p>\n","protected":false},"excerpt":{"rendered":"<p>Dedal en porcelana impresa. Recuerdo de Granada.<\/p>\n","protected":false},"featured_media":8028,"template":"","meta":[],"product_cat":[106],"product_tag":[118,138],"etheme_brands":{"errors":{"invalid_taxonomy":["Taxonom\u00eda no v\u00e1lida."]},"error_data":[]},"_links":{"self":[{"href":"https:\/\/artesaniasgoya.com\/index.php?rest_route=\/wp\/v2\/product\/8032"}],"collection":[{"href":"https:\/\/artesaniasgoya.com\/index.php?rest_route=\/wp\/v2\/product"}],"about":[{"href":"https:\/\/artesaniasgoya.com\/index.php?rest_route=\/wp\/v2\/types\/product"}],"version-history":[{"count":1,"href":"https:\/\/artesaniasgoya.com\/index.php?rest_route=\/wp\/v2\/product\/8032\/revisions"}],"predecessor-version":[{"id":8033,"href":"https:\/\/artesaniasgoya.com\/index.php?rest_route=\/wp\/v2\/product\/8032\/revisions\/8033"}],"wp:featuredmedia":[{"embeddable":true,"href":"https:\/\/artesaniasgoya.com\/index.php?rest_route=\/wp\/v2\/media\/8028"}],"wp:attachment":[{"href":"https:\/\/artesaniasgoya.com\/index.php?rest_route=%2Fwp%2Fv2%2Fmedia&parent=8032"}],"wp:term":[{"taxonomy":"product_cat","embeddable":true,"href":"https:\/\/artesaniasgoya.com\/index.php?rest_route=%2Fwp%2Fv2%2Fproduct_cat&post=8032"},{"taxonomy":"product_tag","embeddable":true,"href":"https:\/\/artesaniasgoya.com\/index.php?rest_route=%2Fwp%2Fv2%2Fproduct_tag&post=8032"}],"curies":[{"name":"wp","href":"https:\/\/api.w.org\/{rel}","templated":true}]}}

<p>Una selección de los más bellos diseños de dedales. Elaborados de porcelana e impresión de alta calidad</p>

Taxonomía no válida.
